{"id":319,"date":"2022-06-29T15:50:51","date_gmt":"2022-06-29T13:50:51","guid":{"rendered":"http:\/\/talents-illkirch.eu\/?page_id=319"},"modified":"2024-11-05T10:26:50","modified_gmt":"2024-11-05T09:26:50","slug":"contact","status":"publish","type":"page","link":"https:\/\/talents-illkirch.eu\/index.php\/contact\/","title":{"rendered":"Contact"},"content":{"rendered":"\t\t<div data-elementor-type=\"wp-page\" data-elementor-id=\"319\" class=\"elementor elementor-319\" data-elementor-post-type=\"page\">\n\t\t\t\t\t\t<section class=\"elementor-section elementor-top-section elementor-element elementor-element-d49ae95 elementor-section-boxed elementor-section-height-default elementor-section-height-default\" data-id=\"d49ae95\" data-element_type=\"section\" data-e-type=\"section\">\n\t\t\t\t\t\t<div class=\"elementor-container elementor-column-gap-default\">\n\t\t\t\t\t<div class=\"elementor-column elementor-col-100 elementor-top-column elementor-element elementor-element-c376b4a\" data-id=\"c376b4a\" data-element_type=\"column\" data-e-type=\"column\">\n\t\t\t<div class=\"elementor-widget-wrap elementor-element-populated\">\n\t\t\t\t\t\t<div class=\"elementor-element elementor-element-c547a06 elementor-widget elementor-widget-heading\" data-id=\"c547a06\" data-element_type=\"widget\" data-e-type=\"widget\" data-widget_type=\"heading.default\">\n\t\t\t\t<div class=\"elementor-widget-container\">\n\t\t\t\t\t<h2 class=\"elementor-heading-title elementor-size-default\">Association Brode-Art:<\/h2>\t\t\t\t<\/div>\n\t\t\t\t<\/div>\n\t\t\t\t\t<\/div>\n\t\t<\/div>\n\t\t\t\t\t<\/div>\n\t\t<\/section>\n\t\t\t\t<section class=\"elementor-section elementor-top-section elementor-element elementor-element-0fccbb3 elementor-section-boxed elementor-section-height-default elementor-section-height-default\" data-id=\"0fccbb3\" data-element_type=\"section\" data-e-type=\"section\">\n\t\t\t\t\t\t<div class=\"elementor-container elementor-column-gap-default\">\n\t\t\t\t\t<div class=\"elementor-column elementor-col-100 elementor-top-column elementor-element elementor-element-afb594a\" data-id=\"afb594a\" data-element_type=\"column\" data-e-type=\"column\">\n\t\t\t<div class=\"elementor-widget-wrap elementor-element-populated\">\n\t\t\t\t\t\t<div class=\"elementor-element elementor-element-7f778e4 elementor-widget elementor-widget-text-editor\" data-id=\"7f778e4\" data-element_type=\"widget\" data-e-type=\"widget\" data-widget_type=\"text-editor.default\">\n\t\t\t\t<div class=\"elementor-widget-container\">\n\t\t\t\t\t\t\t\t\t<p>N&rsquo;h\u00e9sitez \u00e0 nous contacter pour toutes demandes, suggestions ou autres.<\/p><p>Coordonn\u00e9es de Catherine Herb, pr\u00e9sidente de l&rsquo;association Brode-Art :<br \/><br \/><img decoding=\"async\" class=\"alignnone wp-image-326\" src=\"https:\/\/talents-illkirch.eu\/wp-content\/uploads\/2022\/06\/kisspng-ipma-email-telephone-message-email-icon-5acf36458d39e5.4305648115235292855785-300x300.png\" alt=\"\" width=\"22\" height=\"22\" srcset=\"https:\/\/talents-illkirch.eu\/wp-content\/uploads\/2022\/06\/kisspng-ipma-email-telephone-message-email-icon-5acf36458d39e5.4305648115235292855785-300x300.png 300w, https:\/\/talents-illkirch.eu\/wp-content\/uploads\/2022\/06\/kisspng-ipma-email-telephone-message-email-icon-5acf36458d39e5.4305648115235292855785-1024x1024.png 1024w, https:\/\/talents-illkirch.eu\/wp-content\/uploads\/2022\/06\/kisspng-ipma-email-telephone-message-email-icon-5acf36458d39e5.4305648115235292855785-150x150.png 150w, https:\/\/talents-illkirch.eu\/wp-content\/uploads\/2022\/06\/kisspng-ipma-email-telephone-message-email-icon-5acf36458d39e5.4305648115235292855785-768x768.png 768w, https:\/\/talents-illkirch.eu\/wp-content\/uploads\/2022\/06\/kisspng-ipma-email-telephone-message-email-icon-5acf36458d39e5.4305648115235292855785.png 1080w\" sizes=\"(max-width: 22px) 100vw, 22px\" \/> E mail :\u00a0 catherine@brode-art.eu<br \/>\u00a0<img decoding=\"async\" class=\"alignnone wp-image-327\" src=\"https:\/\/talents-illkirch.eu\/wp-content\/uploads\/2022\/06\/kisspng-telephone-mobile-phones-computer-icons-logo-telephone-5abd19ef252ee5.0891575115223423831523-277x300.png\" alt=\"\" width=\"17\" height=\"19\" srcset=\"https:\/\/talents-illkirch.eu\/wp-content\/uploads\/2022\/06\/kisspng-telephone-mobile-phones-computer-icons-logo-telephone-5abd19ef252ee5.0891575115223423831523-277x300.png 277w, https:\/\/talents-illkirch.eu\/wp-content\/uploads\/2022\/06\/kisspng-telephone-mobile-phones-computer-icons-logo-telephone-5abd19ef252ee5.0891575115223423831523-768x833.png 768w, https:\/\/talents-illkirch.eu\/wp-content\/uploads\/2022\/06\/kisspng-telephone-mobile-phones-computer-icons-logo-telephone-5abd19ef252ee5.0891575115223423831523.png 904w\" sizes=\"(max-width: 17px) 100vw, 17px\" \/> T\u00e9l\u00e9phone : 06 70 42 92 03<\/p>\t\t\t\t\t\t\t\t<\/div>\n\t\t\t\t<\/div>\n\t\t\t\t\t<\/div>\n\t\t<\/div>\n\t\t\t\t\t<\/div>\n\t\t<\/section>\n\t\t\t\t<\/div>\n\t\t","protected":false},"excerpt":{"rendered":"<p>Association Brode-Art: N&rsquo;h\u00e9sitez \u00e0 nous contacter pour toutes demandes, suggestions ou autres. Coordonn\u00e9es de Catherine Herb, pr\u00e9sidente de l&rsquo;association Brode-Art [&hellip;]<\/p>\n","protected":false},"author":3,"featured_media":0,"parent":0,"menu_order":0,"comment_status":"closed","ping_status":"closed","template":"","meta":{"footnotes":""},"class_list":["post-319","page","type-page","status-publish","hentry"],"_links":{"self":[{"href":"https:\/\/talents-illkirch.eu\/index.php\/wp-json\/wp\/v2\/pages\/319","targetHints":{"allow":["GET"]}}],"collection":[{"href":"https:\/\/talents-illkirch.eu\/index.php\/wp-json\/wp\/v2\/pages"}],"about":[{"href":"https:\/\/talents-illkirch.eu\/index.php\/wp-json\/wp\/v2\/types\/page"}],"author":[{"embeddable":true,"href":"https:\/\/talents-illkirch.eu\/index.php\/wp-json\/wp\/v2\/users\/3"}],"replies":[{"embeddable":true,"href":"https:\/\/talents-illkirch.eu\/index.php\/wp-json\/wp\/v2\/comments?post=319"}],"version-history":[{"count":16,"href":"https:\/\/talents-illkirch.eu\/index.php\/wp-json\/wp\/v2\/pages\/319\/revisions"}],"predecessor-version":[{"id":7955,"href":"https:\/\/talents-illkirch.eu\/index.php\/wp-json\/wp\/v2\/pages\/319\/revisions\/7955"}],"wp:attachment":[{"href":"https:\/\/talents-illkirch.eu\/index.php\/wp-json\/wp\/v2\/media?parent=319"}],"curies":[{"name":"wp","href":"https:\/\/api.w.org\/{rel}","templated":true}]}}